{"id":22,"date":"2026-02-28T12:59:26","date_gmt":"2026-02-28T15:59:26","guid":{"rendered":"https:\/\/portariaaberta.com.br\/?page_id=22"},"modified":"2026-02-28T13:04:09","modified_gmt":"2026-02-28T16:04:09","slug":"bem-vindo-ao-portaria-aberta","status":"publish","type":"page","link":"https:\/\/portariaaberta.com.br\/?page_id=22","title":{"rendered":"Bem-vindo ao Portaria Aberta"},"content":{"rendered":"\n<p>Nossa miss\u00e3o \u00e9 reunir, de forma clara e pr\u00e1tica, tudo sobre rela\u00e7\u00f5es de trabalho em condom\u00ednios de SP para s\u00edndicos, moradores e funcion\u00e1rios.<\/p>\n\n\n\n<p>O Portaria Aberta nasce para ser sua refer\u00eancia em rela\u00e7\u00f5es de trabalho em condom\u00ednios de S\u00e3o Paulo. Aqui voc\u00ea encontra:<\/p>\n\n\n\n<ul class=\"wp-block-list\">\n<li>Atualiza\u00e7\u00f5es sobre conven\u00e7\u00f5es coletivas e negocia\u00e7\u00f5es.<\/li>\n\n\n\n<li>Guias pr\u00e1ticos para porteiros, zeladores, faxineiros e vigias.<\/li>\n\n\n\n<li>Conte\u00fados para s\u00edndicos e administradoras aplicarem no dia a dia.<\/li>\n\n\n\n<li>Materiais para moradores entenderem direitos, deveres e boa conviv\u00eancia. Somos diretos, pr\u00e1ticos e confi\u00e1veis. N\u00e3o substitu\u00edmos orienta\u00e7\u00e3o jur\u00eddica; indicamos sempre consultar a Conven\u00e7\u00e3o Coletiva vigente e os sindicatos. Envie suas d\u00favidas e sugest\u00f5es: este portal \u00e9 feito com voc\u00ea e para voc\u00ea.<\/li>\n<\/ul>\n","protected":false},"excerpt":{"rendered":"<p>Nossa miss\u00e3o \u00e9 reunir, de forma clara e pr\u00e1tica, tudo sobre rela\u00e7\u00f5es de trabalho em condom\u00ednios de SP para s\u00edndicos, moradores e funcion\u00e1rios. O Portaria Aberta nasce para ser sua refer\u00eancia em rela\u00e7\u00f5es de trabalho em condom\u00ednios de S\u00e3o Paulo. Aqui voc\u00ea encontra:<\/p>\n","protected":false},"author":1,"featured_media":0,"parent":0,"menu_order":0,"comment_status":"closed","ping_status":"closed","template":"","meta":{"footnotes":""},"class_list":["post-22","page","type-page","status-publish","hentry"],"jetpack_sharing_enabled":true,"_links":{"self":[{"href":"https:\/\/portariaaberta.com.br\/index.php?rest_route=\/wp\/v2\/pages\/22","targetHints":{"allow":["GET"]}}],"collection":[{"href":"https:\/\/portariaaberta.com.br\/index.php?rest_route=\/wp\/v2\/pages"}],"about":[{"href":"https:\/\/portariaaberta.com.br\/index.php?rest_route=\/wp\/v2\/types\/page"}],"author":[{"embeddable":true,"href":"https:\/\/portariaaberta.com.br\/index.php?rest_route=\/wp\/v2\/users\/1"}],"replies":[{"embeddable":true,"href":"https:\/\/portariaaberta.com.br\/index.php?rest_route=%2Fwp%2Fv2%2Fcomments&post=22"}],"version-history":[{"count":2,"href":"https:\/\/portariaaberta.com.br\/index.php?rest_route=\/wp\/v2\/pages\/22\/revisions"}],"predecessor-version":[{"id":26,"href":"https:\/\/portariaaberta.com.br\/index.php?rest_route=\/wp\/v2\/pages\/22\/revisions\/26"}],"wp:attachment":[{"href":"https:\/\/portariaaberta.com.br\/index.php?rest_route=%2Fwp%2Fv2%2Fmedia&parent=22"}],"curies":[{"name":"wp","href":"https:\/\/api.w.org\/{rel}","templated":true}]}}